n thousands digit of 24492?
2
What is the units digit of 374?
4
What is the ten thousands digit of 12251?
1
What is the thousands digit of 127148?
7
What is the tens digit of 418?
1
What is the ten thousands digit of 184045?
8
What is the hundreds digit of 58216?
2
What is the units digit of 1780?
0
What is the hundreds digit of 7451?
4
What is the hundreds digit of 34366?
3
What is the hundreds digit of 545?
5
What is the units digit of 40103?
3
What is the hundreds digit of 6755?
7
What is the thousands digit of 44477?
4
What is the units digit of 748?
8
What is the hundreds digit of 31038?
0
What is the thousands digit of 12049?
2
What is the thousands digit of 7404?
7
What is the hundreds digit of 4657?
6
What is the hundreds digit of 2303?
3
What is the units digit of 507?
7
What is the tens digit of 17163?
6
What is the units digit of 4478?
8
What is the units digit of 99?
9
What is the ten thousands digit of 89651?
8
What is the hundreds digit of 5519?
5
What is the ten thousands digit of 76822?
7
What is the units digit of 535?
5
What is the units digit of 91049?
9
What is the units digit of 1817?
7
What is the ten thousands digit of 10768?
1
What is the tens digit of 993?
9
What is the hundreds digit of 625?
6
What is the thousands digit of 53687?
3
What is the hundreds digit of 2153?
1
What is the units digit of 337?
7
What is the hundreds digit of 36193?
1
What is the units digit of 762?
2
What is the hundreds digit of 65018?
0
What is the tens digit of 149845?
4
What is the hundreds digit of 507?
5
What is the units digit of 3035?
5
What is the tens digit of 1742?
4
What is the units digit of 2303?
3
What is the hundreds digit of 62182?
1
What is the thousands digit of 147552?
7
What is the hundreds digit of 670?
6
What is the tens digit of 1619?
1
What is the tens digit of 13967?
6
What is the thousands digit of 1044?
1
What is the hundred thousands digit of 133697?
1
What is the hundreds digit of 180?
1
What is the units digit of 862?
2
What is the units digit of 298?
8
What is the hundred thousands digit of 103816?
1
What is the thousands digit of 31171?
1
What is the thousands digit of 9595?
9
What is the thousands digit of 8658?
8
What is the ten thousands digit of 12350?
1
What is the units digit of 14?
4
What is the hundreds digit of 16561?
5
What is the units digit of 5108?
8
What is the tens digit of 72487?
8
What is the thousands digit of 36383?
6
What is the thousands digit of 2077?
2
What is the ten thousands digit of 28586?
2
What is the units digit of 5857?
7
What is the units digit of 91420?
0
What is the hundreds digit of 49012?
0
What is the units digit of 28265?
5
What is the ten thousands digit of 27232?
2
What is the thousands digit of 5744?
5
What is the tens digit of 154577?
7
What is the hundreds digit of 34498?
4
What is the thousands digit of 1826?
1
What is the hundreds digit of 50056?
0
What is the hundreds digit of 2650?
6
What is the units digit of 1092?
2
What is the thousands digit of 2485?
2
What is the tens digit of 80979?
7
What is the hundreds digit of 18398?
3
What is the units digit of 87?
7
What is the tens digit of 23893?
9
What is the units digit of 5866?
6
What is the hundreds digit of 17129?
1
What is the units digit of 151876?
6
What is the thousands digit of 2392?
2
What is the units digit of 5606?
6
What is the tens digit of 10648?
4
What is the thousands digit of 82149?
2
What is the units digit of 28794?
4
What is the thousands digit of 9428?
9
What is the hundreds digit of 1513?
5
What is the tens digit of 1338?
3
What is the tens digit of 2331?
3
What is the hundreds digit of 8713?
7
What is the tens digit of 2897?
9
What is the tens digit of 2173?
7
What is the tens digit of 51008?
0
What is the thousands digit of 9366?
9
What is the tens digit of 27251?
5
What is the units digit of 7577?
7
What is the thousands digit of 9438?
9
What is the tens digit of 3886?
8
What is the units digit of 4082?
2
What is the ten thousands digit of 11125?
1
What is the units digit of 567?
7
What is the thousands digit of 171218?
1
What is the units digit of 51864?
4
What is the units digit of 3724?
4
What is the units digit of 2828?
8
What is the tens digit of 48172?
7
What is the units digit of 30991?
1
What is the tens digit of 157220?
2
What is the tens digit of 446?
4
What is the hundreds digit of 76890?
8
What is the thousands digit of 12420?
2
What is the units digit of 8370?
0
What is the tens digit of 314?
1
What is the tens digit of 6842?
4
What is the thousands digit of 1907?
1
What is the ten thousands digit of 40276?
4
What is the tens digit of 12893?
9
What is the hundreds digit of 309?
3
What is the units digit of 6707?
7
What is the hundreds digit of 979?
9
What is the tens digit of 52955?
5
What is the hundreds digit of 16328?
3
What is the thousands digit of 8226?
8
What is the thousands digit of 18043?
8
What is the hundreds digit of 46089?
0
What is the units digit of 9253?
3
What is the thousands digit of 20092?
0
What is the units digit of 1371?
1
What is the units digit of 504?
4
What is the hundreds digit of 3830?
8
What is the hundreds digit of 6492?
4
What is the tens digit of 984?
8
What is the units digit of 9200?
0
What is the hundreds digit of 24774?
7
What is the units digit of 932?
2
What is the hundreds digit of 2385?
3
What is the tens digit of 2744?
4
What is the tens digit of 5245?
4
What is the tens digit of 5142?
4
What is the ten thousands digit of 20824?
2
What is the thousands digit of 30694?
0
What is the thousands digit of 55806?
5
What is the hundreds digit of 1317?
3
What is the thousands digit of 3607?
3
What is the tens digit of 7204?
0
What is the tens digit of 1784?
8
What is the thousands digit of 1250?
1
What is the tens digit of 395?
9
What is the units digit of 1748?
8
What is the hundreds digit of 31426?
4
What is the units digit of 1028?
8
What is the tens digit of 826?
2
What is the ten thousands digit of 12406?
1
What is the hundreds digit of 2831?
8
What is the tens digit of 58061?
6
What is the hundreds digit of 87529?
5
What is the units digit of 906?
6
What is the thousands digit of 1325?
1
What is the units digit of 5157?
7
What is the ten thousands digit of 10117?
1
What is the thousands digit of 4713?
4
What is the hundreds digit of 38995?
9
What is the tens digit of 876?
7
What is the hundreds digit of 4871?
8
What is the units digit of 61018?
8
What is the units digit of 67096?
6
What is the units digit of 3090?
0
What is the hundreds digit of 1996?
9
What is the units digit of 43?
3
What is the thousands digit of 104106?
4
What is the tens digit of 2458?
5
What is the thousands digit of 6948?
6
What is the units digit of 3118?
8
What is the tens digit of 1319?
1
What is the thousands digit of 55039?
5
What is the tens digit of 15883?
8
What is the hundreds digit of 25635?
6
What is the tens digit of 26044?
4
What is the tens digit of 33079?
7
What is the thousands digit of 6073?
6
What is the units digit of 8231?
1
What is the tens digit of 1675?
7
What is the thousands digit of 11268?
1
What is the units digit of 1161?
1
What is the units digit of 6113?
3
What is the hundreds digit of 4213?
2
What is the hundreds digit of 2069?
0
What is the ten thousands digit of 45876?
4
What is the units digit of 4913?
3
What is the units digit of 52940?
0
What is the hundreds digit of 629?
6
What is the hundreds digit of 4999?
9
What is the hundreds digit of 164?
1
What is the thousands digit of 19901?
9
What is the units digit of 7862?
2
What is the tens digit of 1603?
0
What is the hundreds digit of 16604?
6
What is the tens digit of 15866?
6
What is the ten thousands digit of 46069?
4
What is the units digit of 597?
7
What is the thousands digit of 9591?
9
What is the thousands digit of 9968?
9
What is the units digit of 1001?
1
What is the ten thousands digit of 55428?
5
What is the hundreds digit of 29381?
3
What is the tens digit of 270?
7
What is the units digit of 266?
6
What is the units digit of 205?
5
What is the ten thousands digit of 15033?
1
What is the hundreds digit of 888?
8
What is the hundreds digit of 2570?
5
What is the thousands digit of 3285?
3
What is the units digit of 161?
1
What is the hundreds digit of 1323?
3
What